{"id":232,"date":"2024-04-09T16:25:26","date_gmt":"2024-04-09T14:25:26","guid":{"rendered":"https:\/\/optima-acoustic.com\/?page_id=232"},"modified":"2024-04-09T17:58:57","modified_gmt":"2024-04-09T15:58:57","slug":"sectores","status":"publish","type":"page","link":"https:\/\/optima-acoustic.com\/index.php\/sectores\/","title":{"rendered":"Sectores"},"content":{"rendered":"\t\t<div data-elementor-type=\"wp-page\" data-elementor-id=\"232\" class=\"elementor elementor-232\" data-elementor-post-type=\"page\">\n\t\t\t\t<div class=\"elementor-element elementor-element-68ca73d e-con-full e-flex e-con e-parent\" data-id=\"68ca73d\" data-element_type=\"container\" data-e-type=\"container\">\n\t\t\t\t<div class=\"elementor-element elementor-element-a275a15 elementor--h-position-center elementor--v-position-middle elementor-arrows-position-inside elementor-pagination-position-inside elementor-widget elementor-widget-slides\" data-id=\"a275a15\" data-element_type=\"widget\" data-e-type=\"widget\" data-settings=\"{&quot;navigation&quot;:&quot;both&quot;,&quot;autoplay&quot;:&quot;yes&quot;,&quot;pause_on_hover&quot;:&quot;yes&quot;,&quot;pause_on_interaction&quot;:&quot;yes&quot;,&quot;autoplay_speed&quot;:5000,&quot;infinite&quot;:&quot;yes&quot;,&quot;transition&quot;:&quot;slide&quot;,&quot;transition_speed&quot;:500}\" data-widget_type=\"slides.default\">\n\t\t\t\t<div class=\"elementor-widget-container\">\n\t\t\t\t\t\t\t\t\t<div class=\"elementor-swiper\">\n\t\t\t\t\t<div class=\"elementor-slides-wrapper elementor-main-swiper swiper\" role=\"region\" aria-roledescription=\"carousel\" aria-label=\"Slides\" dir=\"ltr\" data-animation=\"fadeInUp\">\n\t\t\t\t<div class=\"swiper-wrapper elementor-slides\">\n\t\t\t\t\t\t\t\t\t\t<div class=\"elementor-repeater-item-f745880 swiper-slide\" role=\"group\" aria-roledescription=\"slide\"><div class=\"swiper-slide-bg\" role=\"img\" aria-label=\"soluciones-ac\u00fasticas-restauraci\u00f3n\"><\/div><div class=\"elementor-background-overlay\"><\/div><a class=\"swiper-slide-inner\" href=\"https:\/\/optima-acoustic.com\/index.php\/soluciones-acusticas-para-la-restauracion\/\"><div class=\"swiper-slide-contents\"><div class=\"elementor-slide-heading\">Elementos ac\u00fasticos para restauraci\u00f3n<\/div><div class=\"elementor-slide-description\">Saborea cada momento en silencio.<\/div><div  class=\"elementor-button elementor-slide-button elementor-size-sm\">Saber m\u00e1s<\/div><\/div><\/a><\/div>\t\t\t\t<\/div>\n\t\t\t\t\t\t\t<\/div>\n\t\t\t\t<\/div>\n\t\t\t\t\t\t\t\t<\/div>\n\t\t\t\t<\/div>\n\t\t\t\t<div class=\"elementor-element elementor-element-8f78fc1 elementor--h-position-center elementor--v-position-middle elementor-arrows-position-inside elementor-pagination-position-inside elementor-widget elementor-widget-slides\" data-id=\"8f78fc1\" data-element_type=\"widget\" data-e-type=\"widget\" data-settings=\"{&quot;navigation&quot;:&quot;both&quot;,&quot;autoplay&quot;:&quot;yes&quot;,&quot;pause_on_hover&quot;:&quot;yes&quot;,&quot;pause_on_interaction&quot;:&quot;yes&quot;,&quot;autoplay_speed&quot;:5000,&quot;infinite&quot;:&quot;yes&quot;,&quot;transition&quot;:&quot;slide&quot;,&quot;transition_speed&quot;:500}\" data-widget_type=\"slides.default\">\n\t\t\t\t<div class=\"elementor-widget-container\">\n\t\t\t\t\t\t\t\t\t<div class=\"elementor-swiper\">\n\t\t\t\t\t<div class=\"elementor-slides-wrapper elementor-main-swiper swiper\" role=\"region\" aria-roledescription=\"carousel\" aria-label=\"Slides\" dir=\"ltr\" data-animation=\"fadeInUp\">\n\t\t\t\t<div class=\"swiper-wrapper elementor-slides\">\n\t\t\t\t\t\t\t\t\t\t<div class=\"elementor-repeater-item-6af0d15 swiper-slide\" role=\"group\" aria-roledescription=\"slide\"><div class=\"swiper-slide-bg\" role=\"img\" aria-label=\"Ac\u00fastica para teatros y centros culturales\"><\/div><div class=\"elementor-background-overlay\"><\/div><a class=\"swiper-slide-inner\" href=\"https:\/\/optima-acoustic.com\/index.php\/soluciones-acusticas-para-teatros-y-museos\/\"><div class=\"swiper-slide-contents\"><div class=\"elementor-slide-heading\">Elementos ac\u00fasticos para teatros y museos<\/div><div class=\"elementor-slide-description\">Escucha el arte en su m\u00e1xima expresi\u00f3n<\/div><div  class=\"elementor-button elementor-slide-button elementor-size-sm\">Saber m\u00e1s<\/div><\/div><\/a><\/div>\t\t\t\t<\/div>\n\t\t\t\t\t\t\t<\/div>\n\t\t\t\t<\/div>\n\t\t\t\t\t\t\t\t<\/div>\n\t\t\t\t<\/div>\n\t\t\t\t<div class=\"elementor-element elementor-element-608c46f elementor--h-position-center elementor--v-position-middle elementor-arrows-position-inside elementor-pagination-position-inside elementor-widget elementor-widget-slides\" data-id=\"608c46f\" data-element_type=\"widget\" data-e-type=\"widget\" data-settings=\"{&quot;navigation&quot;:&quot;both&quot;,&quot;autoplay&quot;:&quot;yes&quot;,&quot;pause_on_hover&quot;:&quot;yes&quot;,&quot;pause_on_interaction&quot;:&quot;yes&quot;,&quot;autoplay_speed&quot;:5000,&quot;infinite&quot;:&quot;yes&quot;,&quot;transition&quot;:&quot;slide&quot;,&quot;transition_speed&quot;:500}\" data-widget_type=\"slides.default\">\n\t\t\t\t<div class=\"elementor-widget-container\">\n\t\t\t\t\t\t\t\t\t<div class=\"elementor-swiper\">\n\t\t\t\t\t<div class=\"elementor-slides-wrapper elementor-main-swiper swiper\" role=\"region\" aria-roledescription=\"carousel\" aria-label=\"Slides\" dir=\"ltr\" data-animation=\"fadeInUp\">\n\t\t\t\t<div class=\"swiper-wrapper elementor-slides\">\n\t\t\t\t\t\t\t\t\t\t<div class=\"elementor-repeater-item-2074006 swiper-slide\" role=\"group\" aria-roledescription=\"slide\"><div class=\"swiper-slide-bg\" role=\"img\" aria-label=\"Soluciones ac\u00fasticas para oficinas y centros de trabajo\"><\/div><div class=\"elementor-background-overlay\"><\/div><a class=\"swiper-slide-inner\" href=\"https:\/\/optima-acoustic.com\/index.php\/soluciones-acusticas-para-oficinas-y-centros-de-trabajo\/\"><div class=\"swiper-slide-contents\"><div class=\"elementor-slide-heading\">Elementos ac\u00fasticos para oficinas y centros de trabajo<\/div><div class=\"elementor-slide-description\">Concentraci\u00f3n sin distracciones, productividad garantizada.<\/div><div  class=\"elementor-button elementor-slide-button elementor-size-sm\">Saber m\u00e1s<\/div><\/div><\/a><\/div>\t\t\t\t<\/div>\n\t\t\t\t\t\t\t<\/div>\n\t\t\t\t<\/div>\n\t\t\t\t\t\t\t\t<\/div>\n\t\t\t\t<\/div>\n\t\t\t\t<div class=\"elementor-element elementor-element-a9714c6 elementor--h-position-center elementor--v-position-middle elementor-arrows-position-inside elementor-pagination-position-inside elementor-widget elementor-widget-slides\" data-id=\"a9714c6\" data-element_type=\"widget\" data-e-type=\"widget\" data-settings=\"{&quot;navigation&quot;:&quot;both&quot;,&quot;autoplay&quot;:&quot;yes&quot;,&quot;pause_on_hover&quot;:&quot;yes&quot;,&quot;pause_on_interaction&quot;:&quot;yes&quot;,&quot;autoplay_speed&quot;:5000,&quot;infinite&quot;:&quot;yes&quot;,&quot;transition&quot;:&quot;slide&quot;,&quot;transition_speed&quot;:500}\" data-widget_type=\"slides.default\">\n\t\t\t\t<div class=\"elementor-widget-container\">\n\t\t\t\t\t\t\t\t\t<div class=\"elementor-swiper\">\n\t\t\t\t\t<div class=\"elementor-slides-wrapper elementor-main-swiper swiper\" role=\"region\" aria-roledescription=\"carousel\" aria-label=\"Slides\" dir=\"ltr\" data-animation=\"fadeInUp\">\n\t\t\t\t<div class=\"swiper-wrapper elementor-slides\">\n\t\t\t\t\t\t\t\t\t\t<div class=\"elementor-repeater-item-48b9a53 swiper-slide\" role=\"group\" aria-roledescription=\"slide\"><div class=\"swiper-slide-bg\" role=\"img\" aria-label=\"Soluciones ac\u00fasticas para aulas y centros de ense\u00f1anza\"><\/div><div class=\"elementor-background-overlay\"><\/div><a class=\"swiper-slide-inner\" href=\"https:\/\/optima-acoustic.com\/index.php\/elementos-acusticos-para-aulas-y-centros-de-ensenanza\/\"><div class=\"swiper-slide-contents\"><div class=\"elementor-slide-heading\">Elementos ac\u00fasticos para aulas y centros de ense\u00f1anza<\/div><div class=\"elementor-slide-description\">Explora el conocimiento en un ambiente sereno.<\/div><div  class=\"elementor-button elementor-slide-button elementor-size-sm\">Saber m\u00e1s<\/div><\/div><\/a><\/div>\t\t\t\t<\/div>\n\t\t\t\t\t\t\t<\/div>\n\t\t\t\t<\/div>\n\t\t\t\t\t\t\t\t<\/div>\n\t\t\t\t<\/div>\n\t\t\t\t<div class=\"elementor-element elementor-element-ba96585 elementor--h-position-center elementor--v-position-middle elementor-arrows-position-inside elementor-pagination-position-inside elementor-widget elementor-widget-slides\" data-id=\"ba96585\" data-element_type=\"widget\" data-e-type=\"widget\" data-settings=\"{&quot;navigation&quot;:&quot;both&quot;,&quot;autoplay&quot;:&quot;yes&quot;,&quot;pause_on_hover&quot;:&quot;yes&quot;,&quot;pause_on_interaction&quot;:&quot;yes&quot;,&quot;autoplay_speed&quot;:5000,&quot;infinite&quot;:&quot;yes&quot;,&quot;transition&quot;:&quot;slide&quot;,&quot;transition_speed&quot;:500}\" data-widget_type=\"slides.default\">\n\t\t\t\t<div class=\"elementor-widget-container\">\n\t\t\t\t\t\t\t\t\t<div class=\"elementor-swiper\">\n\t\t\t\t\t<div class=\"elementor-slides-wrapper elementor-main-swiper swiper\" role=\"region\" aria-roledescription=\"carousel\" aria-label=\"Slides\" dir=\"ltr\" data-animation=\"fadeInUp\">\n\t\t\t\t<div class=\"swiper-wrapper elementor-slides\">\n\t\t\t\t\t\t\t\t\t\t<div class=\"elementor-repeater-item-c81786c swiper-slide\" role=\"group\" aria-roledescription=\"slide\"><div class=\"swiper-slide-bg\" role=\"img\" aria-label=\"Mejoras ac\u00fasticas para gimnasios y centros deportivos\"><\/div><div class=\"elementor-background-overlay\"><\/div><a class=\"swiper-slide-inner\" href=\"https:\/\/optima-acoustic.com\/index.php\/elementos-acusticos-para-gimnasios-y-centros-deportivos\/\"><div class=\"swiper-slide-contents\"><div class=\"elementor-slide-heading\">Elementos ac\u00fasticos para gimnasios y centros deportivos <\/div><div class=\"elementor-slide-description\">T\u00fa le pones la m\u00fasica a tus entrenos <\/div><div  class=\"elementor-button elementor-slide-button elementor-size-sm\">Saber m\u00e1s<\/div><\/div><\/a><\/div>\t\t\t\t<\/div>\n\t\t\t\t\t\t\t<\/div>\n\t\t\t\t<\/div>\n\t\t\t\t\t\t\t\t<\/div>\n\t\t\t\t<\/div>\n\t\t\t\t<div class=\"elementor-element elementor-element-97c844b elementor--h-position-center elementor--v-position-middle elementor-arrows-position-inside elementor-pagination-position-inside elementor-widget elementor-widget-slides\" data-id=\"97c844b\" data-element_type=\"widget\" data-e-type=\"widget\" data-settings=\"{&quot;navigation&quot;:&quot;both&quot;,&quot;autoplay&quot;:&quot;yes&quot;,&quot;pause_on_hover&quot;:&quot;yes&quot;,&quot;pause_on_interaction&quot;:&quot;yes&quot;,&quot;autoplay_speed&quot;:5000,&quot;infinite&quot;:&quot;yes&quot;,&quot;transition&quot;:&quot;slide&quot;,&quot;transition_speed&quot;:500}\" data-widget_type=\"slides.default\">\n\t\t\t\t<div class=\"elementor-widget-container\">\n\t\t\t\t\t\t\t\t\t<div class=\"elementor-swiper\">\n\t\t\t\t\t<div class=\"elementor-slides-wrapper elementor-main-swiper swiper\" role=\"region\" aria-roledescription=\"carousel\" aria-label=\"Slides\" dir=\"ltr\" data-animation=\"fadeInUp\">\n\t\t\t\t<div class=\"swiper-wrapper elementor-slides\">\n\t\t\t\t\t\t\t\t\t\t<div class=\"elementor-repeater-item-4fe3c5c swiper-slide\" role=\"group\" aria-roledescription=\"slide\"><div class=\"swiper-slide-bg\" role=\"img\" aria-label=\"soluciones-ac\u00fasticas-aeropuertos-y-terminales-de-transito\"><\/div><div class=\"elementor-background-overlay\"><\/div><a class=\"swiper-slide-inner\" href=\"https:\/\/optima-acoustic.com\/index.php\/elementos-acusticos-para-aeropuertos-y-terminales-de-transito\/\"><div class=\"swiper-slide-contents\"><div class=\"elementor-slide-heading\">Elementos ac\u00fasticos para aeropuertos y terminales de tr\u00e1nsito <\/div><div class=\"elementor-slide-description\">Encuentra el silencio durante tus viajes <\/div><div  class=\"elementor-button elementor-slide-button elementor-size-sm\">Saber m\u00e1s<\/div><\/div><\/a><\/div>\t\t\t\t<\/div>\n\t\t\t\t\t\t\t<\/div>\n\t\t\t\t<\/div>\n\t\t\t\t\t\t\t\t<\/div>\n\t\t\t\t<\/div>\n\t\t\t\t<\/div>\n\t\t\t\t<\/div>\n\t\t","protected":false},"excerpt":{"rendered":"<p>Elementos ac\u00fasticos para restauraci\u00f3nSaborea cada momento en silencio.Saber m\u00e1s Elementos ac\u00fasticos para teatros y museosEscucha el arte en su m\u00e1xima expresi\u00f3nSaber m\u00e1s Elementos ac\u00fasticos para oficinas y centros de trabajoConcentraci\u00f3n sin distracciones, productividad garantizada.Saber m\u00e1s Elementos ac\u00fasticos para aulas y centros de ense\u00f1anzaExplora el conocimiento en un ambiente sereno.Saber m\u00e1s Elementos ac\u00fasticos para gimnasios y [&hellip;]<\/p>\n","protected":false},"author":1,"featured_media":0,"parent":0,"menu_order":0,"comment_status":"closed","ping_status":"closed","template":"elementor_header_footer","meta":{"footnotes":""},"class_list":["post-232","page","type-page","status-publish","hentry"],"yoast_head":"<!-- This site is optimized with the Yoast SEO plugin v27.4 - https:\/\/yoast.com\/product\/yoast-seo-wordpress\/ -->\n<title>Sectores - optima-acoustic.com<\/title>\n<meta name=\"robots\" content=\"index, follow, max-snippet:-1, max-image-preview:large, max-video-preview:-1\" \/>\n<link rel=\"canonical\" href=\"https:\/\/optima-acoustic.com\/index.php\/sectores\/\" \/>\n<meta property=\"og:locale\" content=\"en_US\" \/>\n<meta property=\"og:type\" content=\"article\" \/>\n<meta property=\"og:title\" content=\"Sectores - optima-acoustic.com\" \/>\n<meta property=\"og:description\" content=\"Elementos ac\u00fasticos para restauraci\u00f3nSaborea cada momento en silencio.Saber m\u00e1s Elementos ac\u00fasticos para teatros y museosEscucha el arte en su m\u00e1xima expresi\u00f3nSaber m\u00e1s Elementos ac\u00fasticos para oficinas y centros de trabajoConcentraci\u00f3n sin distracciones, productividad garantizada.Saber m\u00e1s Elementos ac\u00fasticos para aulas y centros de ense\u00f1anzaExplora el conocimiento en un ambiente sereno.Saber m\u00e1s Elementos ac\u00fasticos para gimnasios y [&hellip;]\" \/>\n<meta property=\"og:url\" content=\"https:\/\/optima-acoustic.com\/index.php\/sectores\/\" \/>\n<meta property=\"og:site_name\" content=\"optima-acoustic.com\" \/>\n<meta property=\"article:modified_time\" content=\"2024-04-09T15:58:57+00:00\" \/>\n<meta name=\"twitter:card\" content=\"summary_large_image\" \/>\n<meta name=\"twitter:label1\" content=\"Est. reading time\" \/>\n\t<meta name=\"twitter:data1\" content=\"1 minute\" \/>\n<script type=\"application\/ld+json\" class=\"yoast-schema-graph\">{\"@context\":\"https:\\\/\\\/schema.org\",\"@graph\":[{\"@type\":\"WebPage\",\"@id\":\"https:\\\/\\\/optima-acoustic.com\\\/index.php\\\/sectores\\\/\",\"url\":\"https:\\\/\\\/optima-acoustic.com\\\/index.php\\\/sectores\\\/\",\"name\":\"Sectores - optima-acoustic.com\",\"isPartOf\":{\"@id\":\"https:\\\/\\\/optima-acoustic.com\\\/#website\"},\"datePublished\":\"2024-04-09T14:25:26+00:00\",\"dateModified\":\"2024-04-09T15:58:57+00:00\",\"breadcrumb\":{\"@id\":\"https:\\\/\\\/optima-acoustic.com\\\/index.php\\\/sectores\\\/#breadcrumb\"},\"inLanguage\":\"en-US\",\"potentialAction\":[{\"@type\":\"ReadAction\",\"target\":[\"https:\\\/\\\/optima-acoustic.com\\\/index.php\\\/sectores\\\/\"]}]},{\"@type\":\"BreadcrumbList\",\"@id\":\"https:\\\/\\\/optima-acoustic.com\\\/index.php\\\/sectores\\\/#breadcrumb\",\"itemListElement\":[{\"@type\":\"ListItem\",\"position\":1,\"name\":\"Portada\",\"item\":\"https:\\\/\\\/optima-acoustic.com\\\/\"},{\"@type\":\"ListItem\",\"position\":2,\"name\":\"Sectores\"}]},{\"@type\":\"WebSite\",\"@id\":\"https:\\\/\\\/optima-acoustic.com\\\/#website\",\"url\":\"https:\\\/\\\/optima-acoustic.com\\\/\",\"name\":\"optima-acoustic.com\",\"description\":\"\",\"publisher\":{\"@id\":\"https:\\\/\\\/optima-acoustic.com\\\/#organization\"},\"potentialAction\":[{\"@type\":\"SearchAction\",\"target\":{\"@type\":\"EntryPoint\",\"urlTemplate\":\"https:\\\/\\\/optima-acoustic.com\\\/?s={search_term_string}\"},\"query-input\":{\"@type\":\"PropertyValueSpecification\",\"valueRequired\":true,\"valueName\":\"search_term_string\"}}],\"inLanguage\":\"en-US\"},{\"@type\":\"Organization\",\"@id\":\"https:\\\/\\\/optima-acoustic.com\\\/#organization\",\"name\":\"optima-acoustic.com\",\"url\":\"https:\\\/\\\/optima-acoustic.com\\\/\",\"logo\":{\"@type\":\"ImageObject\",\"inLanguage\":\"en-US\",\"@id\":\"https:\\\/\\\/optima-acoustic.com\\\/#\\\/schema\\\/logo\\\/image\\\/\",\"url\":\"https:\\\/\\\/optima-acoustic.com\\\/wp-content\\\/uploads\\\/2024\\\/03\\\/logotipo-optima-acoustic.png\",\"contentUrl\":\"https:\\\/\\\/optima-acoustic.com\\\/wp-content\\\/uploads\\\/2024\\\/03\\\/logotipo-optima-acoustic.png\",\"width\":518,\"height\":248,\"caption\":\"optima-acoustic.com\"},\"image\":{\"@id\":\"https:\\\/\\\/optima-acoustic.com\\\/#\\\/schema\\\/logo\\\/image\\\/\"}}]}<\/script>\n<!-- \/ Yoast SEO plugin. -->","yoast_head_json":{"title":"Sectores - optima-acoustic.com","robots":{"index":"index","follow":"follow","max-snippet":"max-snippet:-1","max-image-preview":"max-image-preview:large","max-video-preview":"max-video-preview:-1"},"canonical":"https:\/\/optima-acoustic.com\/index.php\/sectores\/","og_locale":"en_US","og_type":"article","og_title":"Sectores - optima-acoustic.com","og_description":"Elementos ac\u00fasticos para restauraci\u00f3nSaborea cada momento en silencio.Saber m\u00e1s Elementos ac\u00fasticos para teatros y museosEscucha el arte en su m\u00e1xima expresi\u00f3nSaber m\u00e1s Elementos ac\u00fasticos para oficinas y centros de trabajoConcentraci\u00f3n sin distracciones, productividad garantizada.Saber m\u00e1s Elementos ac\u00fasticos para aulas y centros de ense\u00f1anzaExplora el conocimiento en un ambiente sereno.Saber m\u00e1s Elementos ac\u00fasticos para gimnasios y [&hellip;]","og_url":"https:\/\/optima-acoustic.com\/index.php\/sectores\/","og_site_name":"optima-acoustic.com","article_modified_time":"2024-04-09T15:58:57+00:00","twitter_card":"summary_large_image","twitter_misc":{"Est. reading time":"1 minute"},"schema":{"@context":"https:\/\/schema.org","@graph":[{"@type":"WebPage","@id":"https:\/\/optima-acoustic.com\/index.php\/sectores\/","url":"https:\/\/optima-acoustic.com\/index.php\/sectores\/","name":"Sectores - optima-acoustic.com","isPartOf":{"@id":"https:\/\/optima-acoustic.com\/#website"},"datePublished":"2024-04-09T14:25:26+00:00","dateModified":"2024-04-09T15:58:57+00:00","breadcrumb":{"@id":"https:\/\/optima-acoustic.com\/index.php\/sectores\/#breadcrumb"},"inLanguage":"en-US","potentialAction":[{"@type":"ReadAction","target":["https:\/\/optima-acoustic.com\/index.php\/sectores\/"]}]},{"@type":"BreadcrumbList","@id":"https:\/\/optima-acoustic.com\/index.php\/sectores\/#breadcrumb","itemListElement":[{"@type":"ListItem","position":1,"name":"Portada","item":"https:\/\/optima-acoustic.com\/"},{"@type":"ListItem","position":2,"name":"Sectores"}]},{"@type":"WebSite","@id":"https:\/\/optima-acoustic.com\/#website","url":"https:\/\/optima-acoustic.com\/","name":"optima-acoustic.com","description":"","publisher":{"@id":"https:\/\/optima-acoustic.com\/#organization"},"potentialAction":[{"@type":"SearchAction","target":{"@type":"EntryPoint","urlTemplate":"https:\/\/optima-acoustic.com\/?s={search_term_string}"},"query-input":{"@type":"PropertyValueSpecification","valueRequired":true,"valueName":"search_term_string"}}],"inLanguage":"en-US"},{"@type":"Organization","@id":"https:\/\/optima-acoustic.com\/#organization","name":"optima-acoustic.com","url":"https:\/\/optima-acoustic.com\/","logo":{"@type":"ImageObject","inLanguage":"en-US","@id":"https:\/\/optima-acoustic.com\/#\/schema\/logo\/image\/","url":"https:\/\/optima-acoustic.com\/wp-content\/uploads\/2024\/03\/logotipo-optima-acoustic.png","contentUrl":"https:\/\/optima-acoustic.com\/wp-content\/uploads\/2024\/03\/logotipo-optima-acoustic.png","width":518,"height":248,"caption":"optima-acoustic.com"},"image":{"@id":"https:\/\/optima-acoustic.com\/#\/schema\/logo\/image\/"}}]}},"_links":{"self":[{"href":"https:\/\/optima-acoustic.com\/index.php\/wp-json\/wp\/v2\/pages\/232","targetHints":{"allow":["GET"]}}],"collection":[{"href":"https:\/\/optima-acoustic.com\/index.php\/wp-json\/wp\/v2\/pages"}],"about":[{"href":"https:\/\/optima-acoustic.com\/index.php\/wp-json\/wp\/v2\/types\/page"}],"author":[{"embeddable":true,"href":"https:\/\/optima-acoustic.com\/index.php\/wp-json\/wp\/v2\/users\/1"}],"replies":[{"embeddable":true,"href":"https:\/\/optima-acoustic.com\/index.php\/wp-json\/wp\/v2\/comments?post=232"}],"version-history":[{"count":22,"href":"https:\/\/optima-acoustic.com\/index.php\/wp-json\/wp\/v2\/pages\/232\/revisions"}],"predecessor-version":[{"id":350,"href":"https:\/\/optima-acoustic.com\/index.php\/wp-json\/wp\/v2\/pages\/232\/revisions\/350"}],"wp:attachment":[{"href":"https:\/\/optima-acoustic.com\/index.php\/wp-json\/wp\/v2\/media?parent=232"}],"curies":[{"name":"wp","href":"https:\/\/api.w.org\/{rel}","templated":true}]}}