{"id":113,"date":"2024-03-12T08:18:19","date_gmt":"2024-03-12T07:18:19","guid":{"rendered":"https:\/\/optima-acoustic.com\/?page_id=113"},"modified":"2024-03-12T08:44:02","modified_gmt":"2024-03-12T07:44:02","slug":"politica-de-cookies","status":"publish","type":"page","link":"https:\/\/optima-acoustic.com\/index.php\/politica-de-cookies\/","title":{"rendered":"Pol\u00edtica de cookies"},"content":{"rendered":"\t\t<div data-elementor-type=\"wp-page\" data-elementor-id=\"113\" class=\"elementor elementor-113\" data-elementor-post-type=\"page\">\n\t\t\t\t<div class=\"elementor-element elementor-element-737826f e-flex e-con-boxed e-con e-parent\" data-id=\"737826f\" data-element_type=\"container\" data-e-type=\"container\">\n\t\t\t\t\t<div class=\"e-con-inner\">\n\t\t\t\t<div class=\"elementor-element elementor-element-113ee43 elementor-widget elementor-widget-text-editor\" data-id=\"113ee43\" data-element_type=\"widget\" data-e-type=\"widget\" data-widget_type=\"text-editor.default\">\n\t\t\t\t<div class=\"elementor-widget-container\">\n\t\t\t\t\t\t\t\t\t<div data-id=\"8aec614\" data-element_type=\"widget\" data-widget_type=\"heading.default\">\n<div class=\"elementor-element elementor-element-6c0b6c7 elementor-widget elementor-widget-heading\" data-id=\"6c0b6c7\" data-element_type=\"widget\" data-widget_type=\"heading.default\">\n<div class=\"elementor-widget-container\">\n<h2 class=\"elementor-heading-title elementor-size-default\">Pol\u00edtica de cookies<\/h2>\n<div><br><\/div>\n<\/div>\n<\/div>\n<div class=\"elementor-element elementor-element-e3fdd66 elementor-widget elementor-widget-text-editor\" data-id=\"e3fdd66\" data-element_type=\"widget\" data-widget_type=\"text-editor.default\">\n<div class=\"elementor-widget-container\">\n<p>En esta web recopilamos y utilizamos la informaci\u00f3n seg\u00fan indicamos en nuestra pol\u00edtica de privacidad. Una de las formas en las que recopilamos informaci\u00f3n es a trav\u00e9s del uso de la tecnolog\u00eda llamada \u201ccookies\u201d. En \u00d3ptima Acoustic , utilizamos cookies para varias cosas.<\/p>\n<p><strong>\u00bfQu\u00e9 es una Cookie?<\/strong><\/p>\n<p>Una Cookie es un fichero que se descarga en el dispositivo desde el que est\u00e1 navegando al acceder a la web y que contiene informaci\u00f3n sobre la navegaci\u00f3n realizada desde dicho dispositivo.<\/p>\n<p><strong>\u00bfQu\u00e9 no es una Cookie?<\/strong><\/p>\n<p>No es un virus, ni un troyano, ni un gusano, ni spam, ni spyware, ni abre ventanas pop-up.<\/p>\n<p><strong>\u00bfQu\u00e9 informaci\u00f3n almacena una cookie?<\/strong><\/p>\n<p>Las cookies no suelen almacenar informaci\u00f3n sensible sobre usted, como tarjetas de cr\u00e9dito o datos bancarios, fotograf\u00edas o informaci\u00f3n personal, etc. Los datos que guardan son de car\u00e1cter t\u00e9cnico, estad\u00edsticos, preferencias personales, personalizaci\u00f3n de contenidos, etc.<\/p>\n<p>El servidor web no le asocia a usted como persona sino a su navegador web. De hecho, si usted navega habitualmente con el navegador Chrome y prueba a navegar por la misma web con el navegador Firefox, ver\u00e1 que la web no se da cuenta que es usted la misma persona porque en realidad est\u00e1 asociando la informaci\u00f3n al navegador, no a la persona.<\/p>\n<p><strong>\u00bfQu\u00e9 tipo de cookies existen?<\/strong><\/p>\n<p>Cookies t\u00e9cnicas: Son las m\u00e1s elementales y permiten, entre otras cosas, saber cu\u00e1ndo est\u00e1 navegando un humano o una aplicaci\u00f3n automatizada, cu\u00e1ndo navega un usuario an\u00f3nimo y uno registrado, tareas b\u00e1sicas para el funcionamiento de cualquier web din\u00e1mica.<\/p>\n<p>Cookies de an\u00e1lisis: Recogen informaci\u00f3n sobre el tipo de navegaci\u00f3n que est\u00e1 realizando, las secciones que m\u00e1s utiliza, productos consultados, franja horaria de uso, idioma, etc.<\/p>\n<p>Cookies publicitarias: Muestran publicidad en funci\u00f3n de su navegaci\u00f3n, su pa\u00eds de procedencia, idioma, etc.<\/p>\n<p>\u00bfQu\u00e9 son las cookies propias y las de terceros?<\/p>\n<p>Las cookies propias son las generadas por la p\u00e1gina que est\u00e1 visitando y las de terceros son las generadas por servicios o proveedores externos como Mailchimp, Mailrelay, Facebook, Twitter, Google adsense, etc.<\/p>\n<p><strong>\u00bfQu\u00e9 cookies utiliza esta web?<\/strong><\/p>\n<p>Esta web utiliza cookies propias y de terceros. En este sitio web se utilizan las siguientes cookies que se detallan a continuaci\u00f3n:<\/p>\n<p><strong>Cookies propias:<\/strong><\/p>\n<p>Inicio de sesi\u00f3n: Las cookies para iniciar sesi\u00f3n te permiten entrar y salir de tu cuenta de \u00d3ptima Acoustic.<\/p>\n<p>Personalizaci\u00f3n: Las cookies nos ayudan a recordar con qu\u00e9 personas o sitios web has interactuado, para que podamos mostrarte contenido relacionado.<\/p>\n<p>Preferencias: Las cookies nos permite recordar tus ajustes y preferencias, como el idioma preferido y tu configuraci\u00f3n de privacidad.<\/p>\n<p>Seguridad: Utilizamos cookies para evitarte riesgos de seguridad. Principalmente para detectar cu\u00e1ndo alguien esta intentando piratear tu cuenta de \u00d3ptima Acoustic.<\/p>\n<p><strong>Cookies de terceros<\/strong><\/p>\n<p>Esta web utiliza servicios de an\u00e1lisis, concretamente, Google Analytics para ayudar al website a analizar el uso que hacen los usuarios del sitio web y mejorar la usabilidad del mismo, pero en ning\u00fan caso se asocian a datos que pudieran llegar a identificar al usuario. Google Analytics, es un servicio anal\u00edtico de web prestado por Google, Inc., El usuario puede consultar aqu\u00ed el tipo de cookies utilizadas por Google.<\/p>\n<p>\u00d3ptima Acoustic es usuario de la plataforma de suministro y alojamiento de blogs WordPress, propiedad de la empresa norteamericana Automattic, Inc. A tales efectos, los usos de tales cookies por los sistemas nunca est\u00e1n bajo control o gesti\u00f3n del responsable de la web, pueden cambiar su funci\u00f3n en cualquier momento, y entrar cookies nuevas. Estas cookies tampoco reportan al responsable de esta web beneficio alguno. Automattic, Inc., utiliza adem\u00e1s otras cookies con la finalidad de ayudar a identificar y rastrear a los visitantes de los sitios de WordPress, conocer el uso que hacen del sitio web de Automattic, as\u00ed como sus preferencias de acceso al mismo, tal y como se recoge en el apartado \u201cCookies\u201d de su pol\u00edtica de privacidad.<\/p>\n<p>Las cookies de redes sociales pueden almacenarse en su navegador mientras navega por www.optima-acoustic.com por ejemplo, cuando utiliza el bot\u00f3n de compartir contenidos de www.optima-acoustic.com en alguna red social.<\/p>\n<p>A continuaci\u00f3n tienes informaci\u00f3n sobre las cookies de las redes sociales que utiliza esta web en sus propias pol\u00edticas de cookies:<\/p>\n<p>Cookies de Facebook, ver m\u00e1s informaci\u00f3n en su pol\u00edtica de cookies<\/p>\n<p>Cookies de Twitter, ver m\u00e1s informaci\u00f3n en su pol\u00edtica de cookies<\/p>\n<p>Cookies de Instagram, ver m\u00e1s informaci\u00f3n en su pol\u00edtica de cookies<\/p>\n<p>Cookies de Google+, ver m\u00e1s informaci\u00f3n en su pol\u00edtica de cookies<\/p>\n<p>Cookies de Linkedin, ver m\u00e1s informaci\u00f3n en su pol\u00edtica de cookies<\/p>\n<p>Cookies de Pinterest, ver m\u00e1s informaci\u00f3n en su pol\u00edtica de cookies<\/p>\n<p>Cookies de Youtube, ver m\u00e1s informaci\u00f3n en su pol\u00edtica de cookies<\/p>\n<p>Llevamos a cabo acciones de remarketing mediante Google AdWords, que utiliza las cookies para ayudarnos a ofrecer anuncios en l\u00ednea espec\u00edfico basado en visitas anteriores a nuestro sitio web. Google utiliza esta informaci\u00f3n para mostrar anuncios en varios sitios web de terceros a trav\u00e9s de Internet. Estas cookies est\u00e1n a punto de expirar y no contienen informaci\u00f3n que pueda identificarle personalmente. Por favor dir\u00edgete a la publicidad de Google Aviso de privacidad para obtener m\u00e1s informaci\u00f3n.<\/p>\n<p>Llevamos a cabo acciones de remarketing mediante Facebook ads, que utiliza las cookies para ayudarnos a ofrecer anuncios en l\u00ednea espec\u00edfico basado en visitas anteriores a nuestro sitio web.Utilizamos \u201clive chat\u201d (chat en vivo) para dar soporte y resolver dudas de forma directa a los clientes. Instala cookies para identificar al usuario y su dispositivo y conocer sus preferencias en cuanto al uso del m\u00f3dulo interno de Zendesk, as\u00ed como para conocer la preferencia del usuario para desactivar el \u201clive chat\u201d, y cesar el uso de cookies.<\/p>\n<p>Puedes obtener m\u00e1s informaci\u00f3n de la pol\u00edtica de cookies de Zendesk.<\/p>\n<p><strong>\u00bfSe pueden eliminar las cookies?<\/strong><\/p>\n<p>S\u00ed, y no s\u00f3lo eliminar, tambi\u00e9n bloquear, de forma general o particular para un dominio espec\u00edfico.<\/p>\n<p>Para eliminar las cookies de un sitio web debe ir a la configuraci\u00f3n de su navegador y all\u00ed podr\u00e1 buscar las asociadas al dominio en cuesti\u00f3n y proceder a su eliminaci\u00f3n.<\/p>\n<p>Configuraci\u00f3n de cookies para Google Chrome<\/p>\n<p>Configuraci\u00f3n de cookies para Apple Safari<\/p>\n<p>Configuraci\u00f3n de cookies para Internet Explorer<\/p>\n<p>Configuraci\u00f3n de cookies para Mozilla Firefox<\/p>\n<p><strong>M\u00e1s informaci\u00f3n sobre las cookies<\/strong><\/p>\n<p>Puedes consultar el reglamento sobre cookies publicado por la Agencia Espa\u00f1ola de Protecci\u00f3n de Datos en su \u201cGu\u00eda sobre el uso de las cookies\u201d y obtener m\u00e1s informaci\u00f3n sobre las cookies en Internet, http:\/\/www.aboutcookies.org\/<\/p>\n<p>Si desea tener un mayor control sobre la instalaci\u00f3n de cookies, puede instalar programas o complementos a su navegador, conocidos como herramientas de \u201cDo Not Track\u201d, que le permitir\u00e1n escoger aquellas cookies que desea permitir.<\/p>\n<p>Esta pol\u00edtica de cookies ha sido actualizada por \u00faltima vez el 04-07-2018.<\/p>\n<\/div>\n<\/div>\n<\/div>\t\t\t\t\t\t\t\t<\/div>\n\t\t\t\t<\/div>\n\t\t\t\t\t<\/div>\n\t\t\t\t<\/div>\n\t\t\t\t<\/div>\n\t\t","protected":false},"excerpt":{"rendered":"<p>Pol\u00edtica de cookies En esta web recopilamos y utilizamos la informaci\u00f3n seg\u00fan indicamos en nuestra pol\u00edtica de privacidad. Una de las formas en las que recopilamos informaci\u00f3n es a trav\u00e9s del uso de la tecnolog\u00eda llamada \u201ccookies\u201d. En \u00d3ptima Acoustic , utilizamos cookies para varias cosas. \u00bfQu\u00e9 es una Cookie? Una Cookie es un fichero [&hellip;]<\/p>\n","protected":false},"author":1,"featured_media":0,"parent":0,"menu_order":0,"comment_status":"closed","ping_status":"closed","template":"elementor_header_footer","meta":{"footnotes":""},"class_list":["post-113","page","type-page","status-publish","hentry"],"yoast_head":"<!-- This site is optimized with the Yoast SEO plugin v27.4 - https:\/\/yoast.com\/product\/yoast-seo-wordpress\/ -->\n<title>Pol\u00edtica de cookies - optima-acoustic.com<\/title>\n<meta name=\"robots\" content=\"index, follow, max-snippet:-1, max-image-preview:large, max-video-preview:-1\" \/>\n<link rel=\"canonical\" href=\"https:\/\/optima-acoustic.com\/index.php\/politica-de-cookies\/\" \/>\n<meta property=\"og:locale\" content=\"en_US\" \/>\n<meta property=\"og:type\" content=\"article\" \/>\n<meta property=\"og:title\" content=\"Pol\u00edtica de cookies - optima-acoustic.com\" \/>\n<meta property=\"og:description\" content=\"Pol\u00edtica de cookies En esta web recopilamos y utilizamos la informaci\u00f3n seg\u00fan indicamos en nuestra pol\u00edtica de privacidad. Una de las formas en las que recopilamos informaci\u00f3n es a trav\u00e9s del uso de la tecnolog\u00eda llamada \u201ccookies\u201d. En \u00d3ptima Acoustic , utilizamos cookies para varias cosas. \u00bfQu\u00e9 es una Cookie? Una Cookie es un fichero [&hellip;]\" \/>\n<meta property=\"og:url\" content=\"https:\/\/optima-acoustic.com\/index.php\/politica-de-cookies\/\" \/>\n<meta property=\"og:site_name\" content=\"optima-acoustic.com\" \/>\n<meta property=\"article:modified_time\" content=\"2024-03-12T07:44:02+00:00\" \/>\n<meta name=\"twitter:card\" content=\"summary_large_image\" \/>\n<meta name=\"twitter:label1\" content=\"Est. reading time\" \/>\n\t<meta name=\"twitter:data1\" content=\"6 minutes\" \/>\n<script type=\"application\/ld+json\" class=\"yoast-schema-graph\">{\"@context\":\"https:\\\/\\\/schema.org\",\"@graph\":[{\"@type\":\"WebPage\",\"@id\":\"https:\\\/\\\/optima-acoustic.com\\\/index.php\\\/politica-de-cookies\\\/\",\"url\":\"https:\\\/\\\/optima-acoustic.com\\\/index.php\\\/politica-de-cookies\\\/\",\"name\":\"Pol\u00edtica de cookies - optima-acoustic.com\",\"isPartOf\":{\"@id\":\"https:\\\/\\\/optima-acoustic.com\\\/#website\"},\"datePublished\":\"2024-03-12T07:18:19+00:00\",\"dateModified\":\"2024-03-12T07:44:02+00:00\",\"breadcrumb\":{\"@id\":\"https:\\\/\\\/optima-acoustic.com\\\/index.php\\\/politica-de-cookies\\\/#breadcrumb\"},\"inLanguage\":\"en-US\",\"potentialAction\":[{\"@type\":\"ReadAction\",\"target\":[\"https:\\\/\\\/optima-acoustic.com\\\/index.php\\\/politica-de-cookies\\\/\"]}]},{\"@type\":\"BreadcrumbList\",\"@id\":\"https:\\\/\\\/optima-acoustic.com\\\/index.php\\\/politica-de-cookies\\\/#breadcrumb\",\"itemListElement\":[{\"@type\":\"ListItem\",\"position\":1,\"name\":\"Portada\",\"item\":\"https:\\\/\\\/optima-acoustic.com\\\/\"},{\"@type\":\"ListItem\",\"position\":2,\"name\":\"Pol\u00edtica de cookies\"}]},{\"@type\":\"WebSite\",\"@id\":\"https:\\\/\\\/optima-acoustic.com\\\/#website\",\"url\":\"https:\\\/\\\/optima-acoustic.com\\\/\",\"name\":\"optima-acoustic.com\",\"description\":\"\",\"publisher\":{\"@id\":\"https:\\\/\\\/optima-acoustic.com\\\/#organization\"},\"potentialAction\":[{\"@type\":\"SearchAction\",\"target\":{\"@type\":\"EntryPoint\",\"urlTemplate\":\"https:\\\/\\\/optima-acoustic.com\\\/?s={search_term_string}\"},\"query-input\":{\"@type\":\"PropertyValueSpecification\",\"valueRequired\":true,\"valueName\":\"search_term_string\"}}],\"inLanguage\":\"en-US\"},{\"@type\":\"Organization\",\"@id\":\"https:\\\/\\\/optima-acoustic.com\\\/#organization\",\"name\":\"optima-acoustic.com\",\"url\":\"https:\\\/\\\/optima-acoustic.com\\\/\",\"logo\":{\"@type\":\"ImageObject\",\"inLanguage\":\"en-US\",\"@id\":\"https:\\\/\\\/optima-acoustic.com\\\/#\\\/schema\\\/logo\\\/image\\\/\",\"url\":\"https:\\\/\\\/optima-acoustic.com\\\/wp-content\\\/uploads\\\/2024\\\/03\\\/logotipo-optima-acoustic.png\",\"contentUrl\":\"https:\\\/\\\/optima-acoustic.com\\\/wp-content\\\/uploads\\\/2024\\\/03\\\/logotipo-optima-acoustic.png\",\"width\":518,\"height\":248,\"caption\":\"optima-acoustic.com\"},\"image\":{\"@id\":\"https:\\\/\\\/optima-acoustic.com\\\/#\\\/schema\\\/logo\\\/image\\\/\"}}]}<\/script>\n<!-- \/ Yoast SEO plugin. -->","yoast_head_json":{"title":"Pol\u00edtica de cookies - optima-acoustic.com","robots":{"index":"index","follow":"follow","max-snippet":"max-snippet:-1","max-image-preview":"max-image-preview:large","max-video-preview":"max-video-preview:-1"},"canonical":"https:\/\/optima-acoustic.com\/index.php\/politica-de-cookies\/","og_locale":"en_US","og_type":"article","og_title":"Pol\u00edtica de cookies - optima-acoustic.com","og_description":"Pol\u00edtica de cookies En esta web recopilamos y utilizamos la informaci\u00f3n seg\u00fan indicamos en nuestra pol\u00edtica de privacidad. Una de las formas en las que recopilamos informaci\u00f3n es a trav\u00e9s del uso de la tecnolog\u00eda llamada \u201ccookies\u201d. En \u00d3ptima Acoustic , utilizamos cookies para varias cosas. \u00bfQu\u00e9 es una Cookie? Una Cookie es un fichero [&hellip;]","og_url":"https:\/\/optima-acoustic.com\/index.php\/politica-de-cookies\/","og_site_name":"optima-acoustic.com","article_modified_time":"2024-03-12T07:44:02+00:00","twitter_card":"summary_large_image","twitter_misc":{"Est. reading time":"6 minutes"},"schema":{"@context":"https:\/\/schema.org","@graph":[{"@type":"WebPage","@id":"https:\/\/optima-acoustic.com\/index.php\/politica-de-cookies\/","url":"https:\/\/optima-acoustic.com\/index.php\/politica-de-cookies\/","name":"Pol\u00edtica de cookies - optima-acoustic.com","isPartOf":{"@id":"https:\/\/optima-acoustic.com\/#website"},"datePublished":"2024-03-12T07:18:19+00:00","dateModified":"2024-03-12T07:44:02+00:00","breadcrumb":{"@id":"https:\/\/optima-acoustic.com\/index.php\/politica-de-cookies\/#breadcrumb"},"inLanguage":"en-US","potentialAction":[{"@type":"ReadAction","target":["https:\/\/optima-acoustic.com\/index.php\/politica-de-cookies\/"]}]},{"@type":"BreadcrumbList","@id":"https:\/\/optima-acoustic.com\/index.php\/politica-de-cookies\/#breadcrumb","itemListElement":[{"@type":"ListItem","position":1,"name":"Portada","item":"https:\/\/optima-acoustic.com\/"},{"@type":"ListItem","position":2,"name":"Pol\u00edtica de cookies"}]},{"@type":"WebSite","@id":"https:\/\/optima-acoustic.com\/#website","url":"https:\/\/optima-acoustic.com\/","name":"optima-acoustic.com","description":"","publisher":{"@id":"https:\/\/optima-acoustic.com\/#organization"},"potentialAction":[{"@type":"SearchAction","target":{"@type":"EntryPoint","urlTemplate":"https:\/\/optima-acoustic.com\/?s={search_term_string}"},"query-input":{"@type":"PropertyValueSpecification","valueRequired":true,"valueName":"search_term_string"}}],"inLanguage":"en-US"},{"@type":"Organization","@id":"https:\/\/optima-acoustic.com\/#organization","name":"optima-acoustic.com","url":"https:\/\/optima-acoustic.com\/","logo":{"@type":"ImageObject","inLanguage":"en-US","@id":"https:\/\/optima-acoustic.com\/#\/schema\/logo\/image\/","url":"https:\/\/optima-acoustic.com\/wp-content\/uploads\/2024\/03\/logotipo-optima-acoustic.png","contentUrl":"https:\/\/optima-acoustic.com\/wp-content\/uploads\/2024\/03\/logotipo-optima-acoustic.png","width":518,"height":248,"caption":"optima-acoustic.com"},"image":{"@id":"https:\/\/optima-acoustic.com\/#\/schema\/logo\/image\/"}}]}},"_links":{"self":[{"href":"https:\/\/optima-acoustic.com\/index.php\/wp-json\/wp\/v2\/pages\/113","targetHints":{"allow":["GET"]}}],"collection":[{"href":"https:\/\/optima-acoustic.com\/index.php\/wp-json\/wp\/v2\/pages"}],"about":[{"href":"https:\/\/optima-acoustic.com\/index.php\/wp-json\/wp\/v2\/types\/page"}],"author":[{"embeddable":true,"href":"https:\/\/optima-acoustic.com\/index.php\/wp-json\/wp\/v2\/users\/1"}],"replies":[{"embeddable":true,"href":"https:\/\/optima-acoustic.com\/index.php\/wp-json\/wp\/v2\/comments?post=113"}],"version-history":[{"count":4,"href":"https:\/\/optima-acoustic.com\/index.php\/wp-json\/wp\/v2\/pages\/113\/revisions"}],"predecessor-version":[{"id":127,"href":"https:\/\/optima-acoustic.com\/index.php\/wp-json\/wp\/v2\/pages\/113\/revisions\/127"}],"wp:attachment":[{"href":"https:\/\/optima-acoustic.com\/index.php\/wp-json\/wp\/v2\/media?parent=113"}],"curies":[{"name":"wp","href":"https:\/\/api.w.org\/{rel}","templated":true}]}}